{"id":41,"date":"2015-05-31T21:10:41","date_gmt":"2015-05-31T21:10:41","guid":{"rendered":"https:\/\/comunicacaoeleitoral.ufpr.br\/?page_id=41"},"modified":"2019-10-10T21:43:00","modified_gmt":"2019-10-10T21:43:00","slug":"entrevistas","status":"publish","type":"page","link":"https:\/\/comunicacaoeleitoral.ufpr.br\/index.php\/entrevistas\/","title":{"rendered":"Entrevistas"},"content":{"rendered":"<div id=\"js_8pk\" class=\"_5pbx userContent _3576\" data-testid=\"post_message\" data-ft=\"{&quot;tn&quot;:&quot;K&quot;}\">\n<div id=\"id_5d99068355f999f73776441\" class=\"text_exposed_root text_exposed\">\n<p><strong>Entrevistas da l\u00edder do CEL na Rep\u00fablica Dominicana<\/strong><\/p>\n<p><a href=\"https:\/\/comunicacaoeleitoral.ufpr.br\/wp-content\/uploads\/2015\/05\/entrevista_lu.jpg\"><img loading=\"lazy\" decoding=\"async\" class=\"alignnone size-medium wp-image-2632\" src=\"https:\/\/comunicacaoeleitoral.ufpr.br\/wp-content\/uploads\/2015\/05\/entrevista_lu-300x225.jpg\" alt=\"entrevista_lu\" width=\"300\" height=\"225\" srcset=\"https:\/\/comunicacaoeleitoral.ufpr.br\/wp-content\/uploads\/2015\/05\/entrevista_lu-300x225.jpg 300w, https:\/\/comunicacaoeleitoral.ufpr.br\/wp-content\/uploads\/2015\/05\/entrevista_lu.jpg 960w\" sizes=\"(max-width: 300px) 100vw, 300px\" \/><\/a><\/p>\n<p>No in\u00edcio de outubro a Prof Dra Luciana Panke, l\u00edder do CEL, esteve na Rep\u00fablica Dominicana, a convite do Minist\u00e9rio da Mulher, para ministrar cursos de marketing pol\u00edtico para mulheres a pr\u00e9-candidatas e candidatas a cargos eletivos do pa\u00eds.<\/p>\n<p>Durante sua visita, Luciana Panke deu v\u00e1rias entrevistas aos ve\u00edculos de comunica\u00e7\u00e3o local, como jornal El D\u00eda, Portal Exra Digital, Zol\u00a0FM e El Nuevo Diario. Confira abaixo as reportagens na \u00edntegra:<\/p>\n<p>https:\/\/eldia.com.do\/experta-insta-a-mujeres-entrar-en-la-politica\/<\/p>\n<p>https:\/\/extradigital.com.do\/nacionales\/ministerio-de-la-mujer-auspicia-taller-marketing-politico-para-mujeres\/<\/p>\n<p>https:\/\/elnuevodiario.com.do\/omsa-y-ministerio-de-la-mujer-acuerdan-unir-esfuerzos-para-impulsar-la-equidad-de-genero\/<\/p>\n<p>http:\/\/zolfm.com\/streaming<\/p>\n<p><strong>Luciana Panke d\u00e1 entrevista ao jornal El D\u00eda sobre mulheres na pol\u00edtica<\/strong><\/p>\n<div id=\"attachment_2622\" style=\"width: 310px\" class=\"wp-caption alignnone\"><a href=\"https:\/\/comunicacaoeleitoral.ufpr.br\/wp-content\/uploads\/2015\/05\/LUCIANA_REPDOM.jpg\"><img loading=\"lazy\" decoding=\"async\" aria-describedby=\"caption-attachment-2622\" class=\"size-medium wp-image-2622\" src=\"https:\/\/comunicacaoeleitoral.ufpr.br\/wp-content\/uploads\/2015\/05\/LUCIANA_REPDOM-300x238.jpg\" alt=\"Foto: Ana M\u00e1rmol\" width=\"300\" height=\"238\" srcset=\"https:\/\/comunicacaoeleitoral.ufpr.br\/wp-content\/uploads\/2015\/05\/LUCIANA_REPDOM-300x238.jpg 300w, https:\/\/comunicacaoeleitoral.ufpr.br\/wp-content\/uploads\/2015\/05\/LUCIANA_REPDOM.jpg 796w\" sizes=\"(max-width: 300px) 100vw, 300px\" \/><\/a><p id=\"caption-attachment-2622\" class=\"wp-caption-text\">Foto: Ana M\u00e1rmol<\/p><\/div>\n<\/div>\n<p>Em visita \u00e0 Rep\u00fablica Dominicana, na \u00faltima semana, a l\u00edder do CEL, prof Dra Luciana Panke, falou ao jornal El D\u00eda, de Santo Domingo,\u00a0 sobre a import\u00e2ncia de mais mulheres concorrerem a cargos eletivos na Am\u00e9rica Latina.<\/p>\n<p>A pesquisadora esteve no pa\u00eds a convite do Minist\u00e9rio da Mulher, onde ministrou cursos de marketing pol\u00edtico para mulheres.<\/p>\n<p>A reportagem foi publicada nesta quarta-feira (09).\u00a0Confira <a href=\"https:\/\/eldia.com.do\/experta-insta-a-mujeres-entrar-en-la-politica\/\">aqui<\/a>\u00a0o texto na \u00edntegra.<\/p>\n<div id=\"id_5d99068355f999f73776441\" class=\"text_exposed_root text_exposed\">\n<p>&nbsp;<\/p>\n<p><strong>Luciana Panke fala sobre participa\u00e7\u00e3o feminina na pol\u00edtica \u00e0 imprensa da Rep\u00fablica Dominicana<\/strong><\/p>\n<p><a href=\"https:\/\/comunicacaoeleitoral.ufpr.br\/wp-content\/uploads\/2015\/05\/rep_dominicana.jpg\"><img loading=\"lazy\" decoding=\"async\" class=\"alignnone size-medium wp-image-2617\" src=\"https:\/\/comunicacaoeleitoral.ufpr.br\/wp-content\/uploads\/2015\/05\/rep_dominicana-300x300.jpg\" alt=\"rep_dominicana\" width=\"300\" height=\"300\" srcset=\"https:\/\/comunicacaoeleitoral.ufpr.br\/wp-content\/uploads\/2015\/05\/rep_dominicana-300x300.jpg 300w, https:\/\/comunicacaoeleitoral.ufpr.br\/wp-content\/uploads\/2015\/05\/rep_dominicana-150x150.jpg 150w, https:\/\/comunicacaoeleitoral.ufpr.br\/wp-content\/uploads\/2015\/05\/rep_dominicana-50x50.jpg 50w, https:\/\/comunicacaoeleitoral.ufpr.br\/wp-content\/uploads\/2015\/05\/rep_dominicana-57x57.jpg 57w, https:\/\/comunicacaoeleitoral.ufpr.br\/wp-content\/uploads\/2015\/05\/rep_dominicana.jpg 960w\" sizes=\"(max-width: 300px) 100vw, 300px\" \/><\/a><\/p>\n<p>A Professora Doutora Luciana Panke,\u00a0l\u00edder do CEL, esteve na \u00faltima semana em Santo Domingo, a convite do Minist\u00e9rio da Mulher da Rep\u00fablica Dominicana, para ministrar cursos de campanhas pol\u00edticas para mulheres. O objetivo \u00e9 fomentar candidaturas femininas nas pr\u00f3ximas elei\u00e7\u00f5es do pa\u00eds.<\/p>\n<p>Na ocasi\u00e3o, Luciana Panke deu entrevistas a diversas emissoras de r\u00e1dio e TV. Em suas redes sociais, a pesquisadora escreveu: &#8220;Me encanta, me inspira estar con mujeres que hacen toda la diferencia en la s<span class=\"text_exposed_show\">ociedad. Qu\u00e9 dia fabuloso en\u00a0<a class=\"_58cn\" href=\"https:\/\/www.facebook.com\/hashtag\/republicadominicana?source=feed_text&amp;epa=HASHTAG&amp;__xts__%5B0%5D=68.ARCC13jCskBjtBdxuCi2vcAoG6Ry0g8iI0Em-472nHNbpOGoY-x6OG9UQwVNjTZt7jx-iKj6AHd8VW1VdUH9C8MzjfQeekOVRe_yF8Y0W4qkFzBeWdCjXeoaQpOoLfDftaeuOSy2_kGBUToQDHAFTIKQST-a5latc_AgGML41pNgNDRKe7WhG49s-BptFWyciE97tKtpURfraJ7AB7wmTiSUVAw8FAnkQFfLbEBIySdzfAD183Q5lYEMlBQKDBwwb4FKbRQwOK92Y8sMowapRdPzQaH97aUTItfgRjrucob6DebDhYcIAQ4aR6ThIKDOYPIPK-VNmk2Ecer6XhtMPC7ljA&amp;__tn__=%2ANK-R\" data-ft=\"{&quot;type&quot;:104,&quot;tn&quot;:&quot;*N&quot;}\"><span class=\"_5afx\"><span class=\"_58cl _5afz\">#<\/span><span class=\"_58cm\">republicadominicana<\/span><\/span><\/a>. Visitas a muchos medios, debates sobre mujeres y pol\u00edtica&#8221;.<\/span><\/p>\n<p><span class=\"text_exposed_show\">Sobre Luciana Panke<br \/>\n<\/span>Luciana Panke \u00e9 l\u00edder do Grupo de Pesquisa Comunica\u00e7\u00e3o Eleitoral (CEL) e professora da Universidade Federal do Paran\u00e1 (UFPR) na gradua\u00e7\u00e3o de Comunica\u00e7\u00e3o Social e no Programa de P\u00f3s-Gradua\u00e7\u00e3o em Comunica\u00e7\u00e3o (PPGCOM-UFPR). \u00c9 P\u00f3s-doutora em Comunica\u00e7\u00e3o Pol\u00edtica pela Universidade Aut\u00f4noma Metropolitana (UAM- M\u00e9xico) e doutora em Ci\u00eancias da Comunica\u00e7\u00e3o pela Universidade de S\u00e3o Paulo (USP).<\/p>\n<div class=\"text_exposed_show\">\n<p>Autora, entre outros, dos livros \u201cLula do sindicalismo \u00e0 reelei\u00e7\u00e3o, um caso de comunica\u00e7\u00e3o, pol\u00edtica e discurso\u201d (2010), Campa\u00f1as electorales para mujeres, retos y tendencias (2015) e \u201cLula del sindicalismo a reelecci\u00f3n, un caso de comunicaci\u00f3n, pol\u00edtica y discurso social\u201d (2015).<\/p>\n<\/div>\n<\/div>\n<\/div>\n<div class=\"_3x-2\" data-ft=\"{&quot;tn&quot;:&quot;H&quot;}\"><\/div>\n<p>&nbsp;<\/p>\n<p><strong>Ary Azevedo fala sobre fake news na CBN Curitiba<\/strong><\/p>\n<div id=\"attachment_2511\" style=\"width: 310px\" class=\"wp-caption alignnone\"><a href=\"https:\/\/comunicacaoeleitoral.ufpr.br\/wp-content\/uploads\/2015\/05\/redes.jpg\"><img loading=\"lazy\" decoding=\"async\" aria-describedby=\"caption-attachment-2511\" class=\"size-medium wp-image-2511\" src=\"https:\/\/comunicacaoeleitoral.ufpr.br\/wp-content\/uploads\/2015\/05\/redes-300x200.jpg\" alt=\"Foto:  Pixabay\" width=\"300\" height=\"200\" srcset=\"https:\/\/comunicacaoeleitoral.ufpr.br\/wp-content\/uploads\/2015\/05\/redes-300x200.jpg 300w, https:\/\/comunicacaoeleitoral.ufpr.br\/wp-content\/uploads\/2015\/05\/redes.jpg 960w\" sizes=\"(max-width: 300px) 100vw, 300px\" \/><\/a><p id=\"caption-attachment-2511\" class=\"wp-caption-text\">Foto: Pixabay<\/p><\/div>\n<p>No dia 1\u00ba de abril, conhecido como Dia da Mentira, o professor Ary Azevedo, coordenador do CEL, deu uma entrevista \u00e0 jornalista Joyce Carvalho, da r\u00e1dio CBN Curitiba, sobre boatos no meio pol\u00edtico e a interfer\u00eancia das fake news na disputa eleitoral.<\/p>\n<p>Ou\u00e7a <a href=\"https:\/\/cbncuritiba.com\/pesquisador-fala-sobre-fake-news-neste-1o-de-abril\/\" target=\"_blank\">aqui<\/a> a\u00a0entrevista na \u00edntegra:<\/p>\n<p>&nbsp;<\/p>\n<h2><\/h2>\n<h2>Quais s\u00e3o os caminhos para aumentar a representatividade feminina na pol\u00edtica?<\/h2>\n<p>Entrevista com a coordenadora do CEL, Luciana Panke, na R\u00e1dio CBN Curitiba em 7 de mar\u00e7o de 2018. Ela\u00a0falou sobre a\u00a0representatividade feminina, a pol\u00edtica e as mulheres.<\/p>\n<p>Ou\u00e7a aqui:\u00a0<a href=\"https:\/\/cbncuritiba.com\/wp-content\/uploads\/2019\/03\/07.03-Luciana-Panke.mp3\">Reportagem com Luciana Panke na CBN<\/a><\/p>\n<h2>Lo Femenino en la Pol\u00edtica<\/h2>\n<p>Entrevista com a coordenadora do CEL, Luciana Panke, falando sobre o g\u00eanero feminino na pol\u00edtica.<\/p>\n<h2>Pr\u00eamio Victory Awards: Luciana Panke em entrevista a UFPR TV<\/h2>\n<p>Luciana Panke \u00e9 entrevistada pela UFPR TV sobre a indica\u00e7\u00e3o\u00a0ao pr\u00eamio The Victory Awards. Confira:<\/p>\n<p><iframe loading=\"lazy\" src=\"https:\/\/www.youtube.com\/embed\/uPmSEhDfFDA\" width=\"588\" height=\"441\" frameborder=\"0\" allowfullscreen=\"allowfullscreen\"><\/iframe><\/p>\n<h2>&#8211; <strong>Mulher e pol\u00edtica<\/strong><\/h2>\n<p>O programa <a href=\"http:\/\/radiobarigui.com.br\/pagina\/24501\/comunidade-em-debate\/\">Comunidade em Debate<\/a>\u00a0da <a href=\"http:\/\/radiobarigui.com.br\/pagina\/24501\/comunidade-em-debate\/\">R\u00e1dio Barigui<\/a> do s\u00e1bado dia 16\/04\/2014 abordou a participa\u00e7\u00e3o da mulher na pol\u00edtica. Entrevista Marden Machado, <a href=\"https:\/\/comunicacaoeleitoral.ufpr.br\/index.php\/equipe\/\">Luciana Panke<\/a> e <a href=\"https:\/\/comunicacaoeleitoral.ufpr.br\/index.php\/equipe\/\">Ricardo Tesseroli<\/a>, contribu\u00edram para o debate. Por telefone, Juliana Romano tamb\u00e9m participou com o tema. Clique na imagem abaixo\u00a0e ou\u00e7a direto do site da R\u00e1dio Barigui (<strong>PROGRAMA DO DIA 16\/04\/2016)<\/strong><\/p>\n<div id=\"attachment_775\" style=\"width: 591px\" class=\"wp-caption alignnone\"><a href=\"http:\/\/radiobarigui.com.br\/pagina\/24501\/comunidade-em-debate\/\"><img loading=\"lazy\" decoding=\"async\" aria-describedby=\"caption-attachment-775\" class=\"wp-image-775 \" src=\"https:\/\/comunicacaoeleitoral.ufpr.br\/wp-content\/uploads\/2015\/05\/part.png\" alt=\"Entrevista com Luciana Panke e Ricardo Tesseroli\" width=\"581\" height=\"329\" srcset=\"https:\/\/comunicacaoeleitoral.ufpr.br\/wp-content\/uploads\/2015\/05\/part.png 512w, https:\/\/comunicacaoeleitoral.ufpr.br\/wp-content\/uploads\/2015\/05\/part-300x170.png 300w\" sizes=\"(max-width: 581px) 100vw, 581px\" \/><\/a><p id=\"caption-attachment-775\" class=\"wp-caption-text\">Entrevista com Luciana Panke e Ricardo Tesseroli do Grupo Comunica\u00e7\u00e3o Eleitoral<\/p><\/div>\n<h2>&#8211; <strong>Mulher e pol\u00edtica<\/strong><\/h2>\n<p>Entrevista com a professora Luciana Panke durante o Cumbre 2015:<br \/>\n<iframe loading=\"lazy\" src=\"https:\/\/www.youtube.com\/embed\/7gjnkTNVzxo\" width=\"570\" height=\"427\" frameborder=\"0\" allowfullscreen=\"allowfullscreen\"><\/iframe><\/p>\n<p>&nbsp;<\/p>\n<p>&nbsp;<\/p>\n<h2><strong>&#8211; Mulher e pol\u00edtica<\/strong><\/h2>\n<p>A professora Luciana Panke fala sobre as rela\u00e7\u00f5es de g\u00eanero na pol\u00edtica e o seu livro <em>Campa\u00f1as electorales para mujeres &#8211; retos y tendencias (<\/em>p\u00e1g. 20<em>).<\/em><\/p>\n<div data-url=\"http:\/\/issuu.com\/revistabzzz\/docs\/bzzz-24-web\" style=\"width: 955px; height: 602px;\" class=\"issuuembed\"><\/div>\n<p><script type=\"text\/javascript\" src=\"\/\/e.issuu.com\/embed.js\" async=\"true\"><\/script><\/p>\n<p>&nbsp;<\/p>\n<p>&nbsp;<\/p>\n<h2>&#8211; <strong>Elei\u00e7\u00f5es<\/strong><\/h2>\n<p><a href=\"http:\/\/videos.clicrbs.com.br\/rs\/gaucha\/audio\/radio-gaucha\/2014\/06\/copa-influencia-resultado-eleicao-ouca-reprise-com-professor-marketing-politico-sergio-trein-cientista-politico-benedito-tadeu-cesar\/82863\/\">A influ\u00eancia da Copa nas elei\u00e7\u00f5es &#8211; entrevista com o professor S\u00e9rgio Trein<\/a><\/p>\n<p>&nbsp;<\/p>\n<h2>&#8211; \u00a0<strong>Elei\u00e7\u00f5es<\/strong><\/h2>\n<p><a href=\"http:\/\/tvbrasil.ebc.com.br\/caminhosdareportagem\/episodio\/eleicoes-2014-a-questao-do-voto\">\u201cA quest\u00e3o do voto\u201d foi tema da entrevista com o professor S\u00e9rgio Trein exibida na\u00a0TV Brasil (Bras\u00edlia) &#8211; Programa Caminhos da Reportagem<\/a><\/p>\n<p>&nbsp;<\/p>\n","protected":false},"excerpt":{"rendered":"<p>Entrevistas da l\u00edder do CEL na Rep\u00fablica Dominicana No in\u00edcio de outubro a Prof Dra Luciana Panke, l\u00edder do CEL, esteve na Rep\u00fablica Dominicana, a convite do Minist\u00e9rio da Mulher, para ministrar cursos de marketing pol\u00edtico para mulheres a pr\u00e9-candidatas e candidatas a cargos eletivos do pa\u00eds. Durante sua visita, Luciana Panke deu v\u00e1rias entrevistas [&hellip;]<\/p>\n","protected":false},"author":1,"featured_media":2622,"parent":0,"menu_order":0,"comment_status":"closed","ping_status":"closed","template":"","meta":{"_monsterinsights_skip_tracking":false,"_monsterinsights_sitenote_active":false,"_monsterinsights_sitenote_note":"","_monsterinsights_sitenote_category":0,"footnotes":""},"yoast_head":"<!-- This site is optimized with the Yoast SEO plugin v22.2 - https:\/\/yoast.com\/wordpress\/plugins\/seo\/ -->\n<title>Entrevistas - Comunica\u00e7\u00e3o Eleitoral<\/title>\n<meta name=\"description\" content=\"Diversas entrevistas feitas pelo Grupo de pesquisa em Comunica\u00e7\u00e3o Eleitora.\" \/>\n<meta name=\"robots\" content=\"index, follow, max-snippet:-1, max-image-preview:large, max-video-preview:-1\" \/>\n<link rel=\"canonical\" href=\"https:\/\/comunicacaoeleitoral.ufpr.br\/index.php\/entrevistas\/\" \/>\n<meta property=\"og:locale\" content=\"pt_BR\" \/>\n<meta property=\"og:type\" content=\"article\" \/>\n<meta property=\"og:title\" content=\"Diversas Entrevistas do N\u00facleo de Estudos em Comunica\u00e7\u00e3o Eleitoral\" \/>\n<meta property=\"og:description\" content=\"Entrevistas do N\u00facleo de Estudos em Comunica\u00e7\u00e3o Eleitoral\" \/>\n<meta property=\"og:url\" content=\"https:\/\/comunicacaoeleitoral.ufpr.br\/index.php\/entrevistas\/\" \/>\n<meta property=\"og:site_name\" content=\"Comunica\u00e7\u00e3o Eleitoral\" \/>\n<meta property=\"article:publisher\" content=\"https:\/\/www.facebook.com\/Comunica%c3%a7%c3%a3o-Eleitoral-564214587069724\/\" \/>\n<meta property=\"article:modified_time\" content=\"2019-10-10T21:43:00+00:00\" \/>\n<meta property=\"og:image\" content=\"https:\/\/comunicacaoeleitoral.ufpr.br\/wp-content\/uploads\/2015\/05\/Captura-de-tela-2016-04-21-18.41.49.jpg\" \/>\n<meta name=\"twitter:card\" content=\"summary_large_image\" \/>\n<meta name=\"twitter:label1\" content=\"Est. tempo de leitura\" \/>\n\t<meta name=\"twitter:data1\" content=\"4 minutos\" \/>\n<script type=\"application\/ld+json\" class=\"yoast-schema-graph\">{\"@context\":\"https:\/\/schema.org\",\"@graph\":[{\"@type\":\"WebPage\",\"@id\":\"https:\/\/comunicacaoeleitoral.ufpr.br\/index.php\/entrevistas\/\",\"url\":\"https:\/\/comunicacaoeleitoral.ufpr.br\/index.php\/entrevistas\/\",\"name\":\"Entrevistas - Comunica\u00e7\u00e3o Eleitoral\",\"isPartOf\":{\"@id\":\"https:\/\/comunicacaoeleitoral.ufpr.br\/#website\"},\"primaryImageOfPage\":{\"@id\":\"https:\/\/comunicacaoeleitoral.ufpr.br\/index.php\/entrevistas\/#primaryimage\"},\"image\":{\"@id\":\"https:\/\/comunicacaoeleitoral.ufpr.br\/index.php\/entrevistas\/#primaryimage\"},\"thumbnailUrl\":\"https:\/\/comunicacaoeleitoral.ufpr.br\/wp-content\/uploads\/2015\/05\/LUCIANA_REPDOM.jpg\",\"datePublished\":\"2015-05-31T21:10:41+00:00\",\"dateModified\":\"2019-10-10T21:43:00+00:00\",\"description\":\"Diversas entrevistas feitas pelo Grupo de pesquisa em Comunica\u00e7\u00e3o Eleitora.\",\"breadcrumb\":{\"@id\":\"https:\/\/comunicacaoeleitoral.ufpr.br\/index.php\/entrevistas\/#breadcrumb\"},\"inLanguage\":\"pt-BR\",\"potentialAction\":[{\"@type\":\"ReadAction\",\"target\":[\"https:\/\/comunicacaoeleitoral.ufpr.br\/index.php\/entrevistas\/\"]}]},{\"@type\":\"ImageObject\",\"inLanguage\":\"pt-BR\",\"@id\":\"https:\/\/comunicacaoeleitoral.ufpr.br\/index.php\/entrevistas\/#primaryimage\",\"url\":\"https:\/\/comunicacaoeleitoral.ufpr.br\/wp-content\/uploads\/2015\/05\/LUCIANA_REPDOM.jpg\",\"contentUrl\":\"https:\/\/comunicacaoeleitoral.ufpr.br\/wp-content\/uploads\/2015\/05\/LUCIANA_REPDOM.jpg\",\"width\":796,\"height\":632,\"caption\":\"Foto: Ana M\u00e1rmol\/El D\u00eda\"},{\"@type\":\"BreadcrumbList\",\"@id\":\"https:\/\/comunicacaoeleitoral.ufpr.br\/index.php\/entrevistas\/#breadcrumb\",\"itemListElement\":[{\"@type\":\"ListItem\",\"position\":1,\"name\":\"In\u00edcio\",\"item\":\"https:\/\/comunicacaoeleitoral.ufpr.br\/\"},{\"@type\":\"ListItem\",\"position\":2,\"name\":\"Entrevistas\"}]},{\"@type\":\"WebSite\",\"@id\":\"https:\/\/comunicacaoeleitoral.ufpr.br\/#website\",\"url\":\"https:\/\/comunicacaoeleitoral.ufpr.br\/\",\"name\":\"Comunica\u00e7\u00e3o Eleitoral\",\"description\":\"Grupo de pesquisa ligado \u00e0 linha de Comunica\u00e7\u00e3o e Pol\u00edtica do Programa de P\u00f3s-gradua\u00e7\u00e3o em Comunica\u00e7\u00e3o da Universidade Federal do Paran\u00e1.\",\"publisher\":{\"@id\":\"https:\/\/comunicacaoeleitoral.ufpr.br\/#organization\"},\"potentialAction\":[{\"@type\":\"SearchAction\",\"target\":{\"@type\":\"EntryPoint\",\"urlTemplate\":\"https:\/\/comunicacaoeleitoral.ufpr.br\/?s={search_term_string}\"},\"query-input\":\"required name=search_term_string\"}],\"inLanguage\":\"pt-BR\"},{\"@type\":\"Organization\",\"@id\":\"https:\/\/comunicacaoeleitoral.ufpr.br\/#organization\",\"name\":\"Comunica\u00e7\u00e3o Eleitoral\",\"url\":\"https:\/\/comunicacaoeleitoral.ufpr.br\/\",\"logo\":{\"@type\":\"ImageObject\",\"inLanguage\":\"pt-BR\",\"@id\":\"https:\/\/comunicacaoeleitoral.ufpr.br\/#\/schema\/logo\/image\/\",\"url\":\"https:\/\/comunicacaoeleitoral.ufpr.br\/wp-content\/uploads\/2015\/05\/header2c_celtalks.png\",\"contentUrl\":\"https:\/\/comunicacaoeleitoral.ufpr.br\/wp-content\/uploads\/2015\/05\/header2c_celtalks.png\",\"width\":1800,\"height\":674,\"caption\":\"Comunica\u00e7\u00e3o Eleitoral\"},\"image\":{\"@id\":\"https:\/\/comunicacaoeleitoral.ufpr.br\/#\/schema\/logo\/image\/\"},\"sameAs\":[\"https:\/\/www.facebook.com\/Comunica\u00e7\u00e3o-Eleitoral-564214587069724\/\",\"https:\/\/www.instagram.com\/comunicacaoeleitoral\/\",\"https:\/\/www.youtube.com\/ocanalpanke\"]}]}<\/script>\n<!-- \/ Yoast SEO plugin. -->","yoast_head_json":{"title":"Entrevistas - Comunica\u00e7\u00e3o Eleitoral","description":"Diversas entrevistas feitas pelo Grupo de pesquisa em Comunica\u00e7\u00e3o Eleitora.","robots":{"index":"index","follow":"follow","max-snippet":"max-snippet:-1","max-image-preview":"max-image-preview:large","max-video-preview":"max-video-preview:-1"},"canonical":"https:\/\/comunicacaoeleitoral.ufpr.br\/index.php\/entrevistas\/","og_locale":"pt_BR","og_type":"article","og_title":"Diversas Entrevistas do N\u00facleo de Estudos em Comunica\u00e7\u00e3o Eleitoral","og_description":"Entrevistas do N\u00facleo de Estudos em Comunica\u00e7\u00e3o Eleitoral","og_url":"https:\/\/comunicacaoeleitoral.ufpr.br\/index.php\/entrevistas\/","og_site_name":"Comunica\u00e7\u00e3o Eleitoral","article_publisher":"https:\/\/www.facebook.com\/Comunica%c3%a7%c3%a3o-Eleitoral-564214587069724\/","article_modified_time":"2019-10-10T21:43:00+00:00","og_image":[{"url":"https:\/\/comunicacaoeleitoral.ufpr.br\/wp-content\/uploads\/2015\/05\/Captura-de-tela-2016-04-21-18.41.49.jpg"}],"twitter_card":"summary_large_image","twitter_misc":{"Est. tempo de leitura":"4 minutos"},"schema":{"@context":"https:\/\/schema.org","@graph":[{"@type":"WebPage","@id":"https:\/\/comunicacaoeleitoral.ufpr.br\/index.php\/entrevistas\/","url":"https:\/\/comunicacaoeleitoral.ufpr.br\/index.php\/entrevistas\/","name":"Entrevistas - Comunica\u00e7\u00e3o Eleitoral","isPartOf":{"@id":"https:\/\/comunicacaoeleitoral.ufpr.br\/#website"},"primaryImageOfPage":{"@id":"https:\/\/comunicacaoeleitoral.ufpr.br\/index.php\/entrevistas\/#primaryimage"},"image":{"@id":"https:\/\/comunicacaoeleitoral.ufpr.br\/index.php\/entrevistas\/#primaryimage"},"thumbnailUrl":"https:\/\/comunicacaoeleitoral.ufpr.br\/wp-content\/uploads\/2015\/05\/LUCIANA_REPDOM.jpg","datePublished":"2015-05-31T21:10:41+00:00","dateModified":"2019-10-10T21:43:00+00:00","description":"Diversas entrevistas feitas pelo Grupo de pesquisa em Comunica\u00e7\u00e3o Eleitora.","breadcrumb":{"@id":"https:\/\/comunicacaoeleitoral.ufpr.br\/index.php\/entrevistas\/#breadcrumb"},"inLanguage":"pt-BR","potentialAction":[{"@type":"ReadAction","target":["https:\/\/comunicacaoeleitoral.ufpr.br\/index.php\/entrevistas\/"]}]},{"@type":"ImageObject","inLanguage":"pt-BR","@id":"https:\/\/comunicacaoeleitoral.ufpr.br\/index.php\/entrevistas\/#primaryimage","url":"https:\/\/comunicacaoeleitoral.ufpr.br\/wp-content\/uploads\/2015\/05\/LUCIANA_REPDOM.jpg","contentUrl":"https:\/\/comunicacaoeleitoral.ufpr.br\/wp-content\/uploads\/2015\/05\/LUCIANA_REPDOM.jpg","width":796,"height":632,"caption":"Foto: Ana M\u00e1rmol\/El D\u00eda"},{"@type":"BreadcrumbList","@id":"https:\/\/comunicacaoeleitoral.ufpr.br\/index.php\/entrevistas\/#breadcrumb","itemListElement":[{"@type":"ListItem","position":1,"name":"In\u00edcio","item":"https:\/\/comunicacaoeleitoral.ufpr.br\/"},{"@type":"ListItem","position":2,"name":"Entrevistas"}]},{"@type":"WebSite","@id":"https:\/\/comunicacaoeleitoral.ufpr.br\/#website","url":"https:\/\/comunicacaoeleitoral.ufpr.br\/","name":"Comunica\u00e7\u00e3o Eleitoral","description":"Grupo de pesquisa ligado \u00e0 linha de Comunica\u00e7\u00e3o e Pol\u00edtica do Programa de P\u00f3s-gradua\u00e7\u00e3o em Comunica\u00e7\u00e3o da Universidade Federal do Paran\u00e1.","publisher":{"@id":"https:\/\/comunicacaoeleitoral.ufpr.br\/#organization"},"potentialAction":[{"@type":"SearchAction","target":{"@type":"EntryPoint","urlTemplate":"https:\/\/comunicacaoeleitoral.ufpr.br\/?s={search_term_string}"},"query-input":"required name=search_term_string"}],"inLanguage":"pt-BR"},{"@type":"Organization","@id":"https:\/\/comunicacaoeleitoral.ufpr.br\/#organization","name":"Comunica\u00e7\u00e3o Eleitoral","url":"https:\/\/comunicacaoeleitoral.ufpr.br\/","logo":{"@type":"ImageObject","inLanguage":"pt-BR","@id":"https:\/\/comunicacaoeleitoral.ufpr.br\/#\/schema\/logo\/image\/","url":"https:\/\/comunicacaoeleitoral.ufpr.br\/wp-content\/uploads\/2015\/05\/header2c_celtalks.png","contentUrl":"https:\/\/comunicacaoeleitoral.ufpr.br\/wp-content\/uploads\/2015\/05\/header2c_celtalks.png","width":1800,"height":674,"caption":"Comunica\u00e7\u00e3o Eleitoral"},"image":{"@id":"https:\/\/comunicacaoeleitoral.ufpr.br\/#\/schema\/logo\/image\/"},"sameAs":["https:\/\/www.facebook.com\/Comunica\u00e7\u00e3o-Eleitoral-564214587069724\/","https:\/\/www.instagram.com\/comunicacaoeleitoral\/","https:\/\/www.youtube.com\/ocanalpanke"]}]}},"_links":{"self":[{"href":"https:\/\/comunicacaoeleitoral.ufpr.br\/index.php\/wp-json\/wp\/v2\/pages\/41"}],"collection":[{"href":"https:\/\/comunicacaoeleitoral.ufpr.br\/index.php\/wp-json\/wp\/v2\/pages"}],"about":[{"href":"https:\/\/comunicacaoeleitoral.ufpr.br\/index.php\/wp-json\/wp\/v2\/types\/page"}],"author":[{"embeddable":true,"href":"https:\/\/comunicacaoeleitoral.ufpr.br\/index.php\/wp-json\/wp\/v2\/users\/1"}],"replies":[{"embeddable":true,"href":"https:\/\/comunicacaoeleitoral.ufpr.br\/index.php\/wp-json\/wp\/v2\/comments?post=41"}],"version-history":[{"count":27,"href":"https:\/\/comunicacaoeleitoral.ufpr.br\/index.php\/wp-json\/wp\/v2\/pages\/41\/revisions"}],"predecessor-version":[{"id":2633,"href":"https:\/\/comunicacaoeleitoral.ufpr.br\/index.php\/wp-json\/wp\/v2\/pages\/41\/revisions\/2633"}],"wp:featuredmedia":[{"embeddable":true,"href":"https:\/\/comunicacaoeleitoral.ufpr.br\/index.php\/wp-json\/wp\/v2\/media\/2622"}],"wp:attachment":[{"href":"https:\/\/comunicacaoeleitoral.ufpr.br\/index.php\/wp-json\/wp\/v2\/media?parent=41"}],"curies":[{"name":"wp","href":"https:\/\/api.w.org\/{rel}","templated":true}]}}