{"id":19,"date":"2015-05-31T21:07:34","date_gmt":"2015-05-31T21:07:34","guid":{"rendered":"https:\/\/comunicacaoeleitoral.ufpr.br\/?page_id=19"},"modified":"2016-04-21T22:01:30","modified_gmt":"2016-04-21T22:01:30","slug":"referencias","status":"publish","type":"page","link":"https:\/\/comunicacaoeleitoral.ufpr.br\/index.php\/referencias\/","title":{"rendered":"Refer\u00eancias"},"content":{"rendered":"<p><a href=\"http:\/\/www.abradep.org\/\">ABRADEP<\/a> &#8211;\u00a0A Abradep \u00e9 formada por diversos profissionais das mais variadas forma\u00e7\u00f5es (advogados, professores, ju\u00edzes eleitorais, membr<span class=\"text_exposed_show\">os do minist\u00e9rio p\u00fablico, profissionais da comunica\u00e7\u00e3o social, cientistas pol\u00edticos, entre outros) e tem como prop\u00f3sito fomentar um debate equilibrado, transparente, objetivo e qualificado sobre a reforma pol\u00edtica, promovendo a difus\u00e3o de temas referentes ao direito eleitoral e a intersec\u00e7\u00e3o entre direito e pol\u00edtica.<\/span><\/p>\n<p>ALMEIDA, Jorge. <em>Lugar de fala, polissemia e par\u00e1frase nos discursos de FHC e Lula sobre o Plano Real. <\/em>Dispon\u00edvel em <a href=\"http:\/\/www.eca.usp.br\/alaic\">www.eca.usp.br\/alaic<\/a><\/p>\n<p>ALMEIDA, Paulo Roberto de. <em>A pol\u00edtica internacional do Partido dos Trabalhadores: da funda\u00e7\u00e3o do partido \u00e0 diplomacia do governo Lula. Revista Sociologia e Pol\u00edtica.<\/em> Dispon\u00edvel em <a href=\"http:\/\/www.pralmeida.org\/docs\/\">www.pralmeida.org\/docs\/<\/a><\/p>\n<p>ALMEIDA, Paulo Roberto de. <em>Dois anos de \u201cCarta ao Povo Brasileiro\u201d De volta a um documento de ruptura.<\/em> Revista Espa\u00e7o Acad\u00eamico no. 38, julho\/2004.<\/p>\n<p>ALMOND, Gabriel A; POWELL, G. Bingham Jr. <em>Uma teoria pol\u00edtica comparada. <\/em>\u00a02<sup>a<\/sup>. ed. Rio de Janeiro: Zahar, s\/d.<\/p>\n<p>ALTHUSSER, L. <em>Ideologia e aparelhos ideol\u00f3gicos de estado. <\/em>(Trad. J.J. Moura Ramos) Lisboa: Presen\u00e7a-Martins Fontes, 1974.<\/p>\n<p>BOZZA, Gabriel; PANKE, Luciana (2012) <em>Comunica\u00e7\u00e3o e tecnologia no movimento estudantil mexicano #YOSOY132.<\/em> Rev. Estud. Comun., Curitiba, v. 13, n. 32, p. 221-231, set.\/dez. 2012<\/p>\n<p>ARIST\u00d3TELES. <em>A arte ret\u00f3rica e a arte po\u00e9tica. <\/em>Trad. Ant\u00f4nio Pinto de Carvalho. Rio de Janeiro: Ediouro, s\/d.<\/p>\n<p>ARIST\u00d3TELES. <em>Topiques, <\/em>livro I a IV, trad. Fr. J. Brunschwig. Paris: L\u00eas Belles-Lettres,1967.<\/p>\n<p>ARIST\u00d3TELES. <em>Cole\u00e7\u00e3o os pensadores \u2013 I. <\/em>2<sup>a<\/sup>. ed. S\u00e3o Paulo: Abril Cultural, 1983.<\/p>\n<p>ARIST\u00d3TELES. <em>Cole\u00e7\u00e3o os pensadores \u2013 II. <\/em>S\u00e3o Paulo: Abril Cultural, 1984.<\/p>\n<p>ARIST\u00d3TELES. <em>Pol\u00edtica. <\/em>(texto integral). S\u00e3o Paulo: Martin Claret, 2001.<\/p>\n<p>ARISTOTELES. <em>Ret\u00f3ricas das Paix\u00f5es<\/em>. S\u00e3o Paulo: Martins Fontes, 2003.<\/p>\n<p>BAKHTIN, (Voloshinov). <em>Marxismo e filosofia da linguagem.<\/em>(Tradu\u00e7\u00e3o de M. Lahud e Y.F. Vieira), S\u00e3o Paulo: Hucitec, 1979.<\/p>\n<p>BENVENISTE, E. <em>Problemas de ling\u00fc\u00edstica geral. <\/em>S\u00e3o Paulo: Cia Nacional\/Edusp: 1966.<\/p>\n<p>BOBBIO, Norberto. <em>Teoria geral da pol\u00edtica \u2013 a filosofia pol\u00edtica e as li\u00e7\u00f5es dos cl\u00e1ssicos. <\/em>Rio de Janeiro: campus, 2000.<\/p>\n<p>BONAVIDES, Paulo. <em>Ci\u00eancia pol\u00edtica. <\/em>10<sup>a<\/sup>. ed. S\u00e3o Paulo: Malheiros, 2001.<\/p>\n<p>BRAND\u00c3O, Helena. <em>Introdu\u00e7\u00e3o \u00e0 an\u00e1lise do discurso. <\/em>3ed. Campinas: Editora Unicamp, 1994.<\/p>\n<p>BOZZA, Gabriel; PANKE, Luciana (2013). Estrat\u00e9gias Argumentativas No Facebook Do Movimento #Yosoy132 P\u00f3s-Elei\u00e7\u00e3o Presidencial Mexicana De 2012. Revista Cadernos de Comunica\u00e7\u00e3o, volume 17, n. 02. Disponible em http:\/\/cascavel.ufsm.br\/revistas\/ojs-2.2.2\/index.php\/ccomunicacao\/article\/view\/9030\/8181<\/p>\n<p>CAMPBELL, Joseph; MOYERS, Bill. <em>O poder do mito. <\/em>S\u00e3o Paulo: Palas Athenas, 1993.<\/p>\n<p>CASARES, Guillermo Almeyra. (2012) <em>M\u00e9xico: El complejo movimiento #YoSoy132.<\/em> In: Escenarios XXI, ano, 3, n. 14, p. 102-106, set-out. 2012. Dispon\u00edvel em: &lt;http:\/\/www.escenarios21.com\/2012\/0121.html#.UPgFP6xtmQw&gt;. Acesso em: 08 dez. 2012.<\/p>\n<p>CASTELLS, Manuel. (2012) <em>Comunicaci\u00f3n y poder. <\/em>M\u00e9xico: Siglo XXI.<\/p>\n<p>CERVI, Emerson <strong>O \u201cTempo da pol\u00edtica\u201d e a distribui\u00e7\u00e3o dos recursos partid\u00e1rios: uma an\u00e1lise do HGPE<\/strong>. Revista Em Debate, Belo Horizonte, v.2, n.8, p. 12-17, ago. 2010.<\/p>\n<p>CERVI, Emerson U. <strong>O uso do HGPE como recurso partid\u00e1rio em elei\u00e7\u00f5es proporcionais no Brasil: um instrumento de an\u00e1lise de conte\u00fado<\/strong>. Revista OPINI\u00c3O P\u00daBLICA, Campinas, vol. 17, n\u00ba 1, Junho, 2011, p.106-136<\/p>\n<p>CHACON, Vamireh. <em>Hist\u00f3ria dos partidos pol\u00edticos. <\/em>3ed. Bras\u00edlia: UNB, 1998.<\/p>\n<p>CHAU\u00cd, Marilena. <em>O que \u00e9 ideologia. <\/em>S\u00e3o Paulo: Abril Cultural\/Brasiliense, 1984.<\/p>\n<p>CHAU\u00cd, Marilena. <em>Introdu\u00e7\u00e3o \u00e0 hist\u00f3ria da filosofia \u2013 dos pr\u00e9-socr\u00e1ticos a Arist\u00f3teles. <\/em>2<sup>a<\/sup>. ed. Vol. 1. S\u00e3o Paulo: Cia das Letras, 2002.<\/p>\n<p>COURTINE, J-J. <em>D\u00e9finition d\u2019orientations th\u00e9oriques et construction de procedures en Analyse du Discours. <\/em>Philosophiques, vIX, n2, oct. 1982.<\/p>\n<p>COURTINE, J-J. <em>O chap\u00e9u de Clementis. Observa\u00e7\u00f5es sobre a mem\u00f3ria e o esquecimento na enuncia\u00e7\u00e3o do discurso pol\u00edtico <\/em>in INDURSKY, F. e FERREIRA, M.C.L. (orgs) <em>Os m\u00faltiplos territ\u00f3rios da An\u00e1lise do Discurso. <\/em>Porto Alegre: Sagra Luzzatto. 1999.<\/p>\n<p>DAHRENDORF RALF (2005) <em>En busca de un nuevo orden. Una pol\u00edtica de la libertad para el siglo XXI<\/em> Barcelona: Ediciones Paid\u00f3s.<\/p>\n<p>DOWNS, Anthony. <strong>Uma teoria econ\u00f4mica da democracia<\/strong>. S\u00e3o Paulo: Edusp, 1999.<\/p>\n<p>ECO, Umberto. <strong>Apocal\u00edpticos e integrados.<\/strong> S\u00e3o Paulo: Perspectiva, 1993.<\/p>\n<p>ESQUIVEL, Edgar (2013), \u201cElecciones en M\u00e9xico 2012. Las encuestas como eje de la propaganda pol\u00edtica\u201d. Art\u00edculo de Investigaci\u00f3n en el libro: Temas de la comunicaci\u00f3n, Caridad Garc\u00eda y Omar Mart\u00ednez (comp.), UAM,\u00a0 ISBN: 978-607-28-0127-1.<\/p>\n<p>ESQUIVEL, Edgar (2012), \u201c\u00bfPosdemocracia? La participaci\u00f3n ciudadana en M\u00e9xico. Entre el voto nulo y el abstencionismo\u201d, art\u00edculo de investigaci\u00f3n en el libro <em>Participaci\u00f3n pol\u00edtica, administraci\u00f3n y justicia electoral una visi\u00f3n general de los procesos electorales 2006-2009 en el Estado de M\u00e9xico<\/em>, Jorge Castillo (Coord.), M\u00e9xico, IEEM, El Colegio Mexiquense A.C.,CIESAS y Editorial Gernika. 2012, pp. 277-293.<\/p>\n<p>ESQUIVEL, EDGAR (2012), \u201cBalance del Proceso Electoral en M\u00e9xico 2012: el papel de las encuestas\u201d (2012), en\u00a0 <em>Em Debate<\/em>, Brasil, Belo Horizonte, v.4, n.5, pp.23-33, ago.<\/p>\n<p>ESP\u00cdNOLA, Dolly y ESQUIVEL Edgar (2011),&#8221;Usos pol\u00edticos de las TIC\u2019s: La videovigilancia y el discurso de la seguridad&#8221; (. Coautor\u00eda con Dolly Esp\u00ednola F., en <em>Life Without Media<\/em> , VI International Conference Communication and Reality, Barcelona.<\/p>\n<p>IBINARRIAGA, Jos\u00e9 Adolpho; HASBUN, Roberto Trad. (2012) <em>El arte de la guerra electoral. Guia esencial para entender c\u00f3mo funciona una campa\u00f1a pol\u00edtica.<\/em> M\u00e9xico: Grijalbo.<\/p>\n<p>GALINDO, Jes\u00fas (2013), <em>#YoSoy132: La Primera Erupci\u00f3n Visible<\/em>, M\u00e9xico, Global Talent University Press.<\/p>\n<p>GUNDER Frank Andr\u00e9 y Marta Fuentes (1990), \u201cDiez Tesis acerca de los movimientos sociales\u201d, en <em>El juicio al sujeto. Un an\u00e1lisis de los movimientos sociales<\/em>, M\u00e9xico, Miguel \u00c1ngel Porr\u00faa editor, pp.\u00a0 45-80.<\/p>\n<p>FIGUEIREDO, Marcus; ALD\u00c9, Alessandra; DIAS, Heloisa\u00a0 e JORGE, Vladimyr Lombardo.\u00a0<a href=\"http:\/\/doxa.iesp.uerj.br\/artigos\/SE100.pdf\"><strong>Estrat\u00e9gias de Persuas\u00e3o em Elei\u00e7\u00f5es Majorit\u00e1rias: Uma Proposta Metodol\u00f3gica para o Estudo da Propaganda Pol\u00edtica.<\/strong><strong>\u00a0<\/strong><\/a><em>In<\/em><em>: <\/em>FIGUEIREDO, Rubens (Org.).<em>\u00a0<\/em><em><strong>Marketing Pol\u00edtico e Persuas\u00e3o Eleitoral<\/strong><\/em><em>.<\/em> S\u00e3o Paulo: Funda\u00e7\u00e3o Konrad Adenauer, 2000.<\/p>\n<p>FOUCAULT, Michel <em>Microf\u00edsica do poder. <\/em>16<sup>a<\/sup>. ed (2001). Rio de Janeiro: Graal: 1979.<\/p>\n<p>FOUCAULT, Michel. (1996) <em>A ordem do discurso.<\/em> 2.a. ed. S\u00e3o Paulo: Loyola.<\/p>\n<p>GANDIN, L ; Luciana Panke . A TRANSFER\u00caNCIA DE ETHOS DE LULA PARA DILMA NA CAMPANHA ELEITORAL DE 2010. Revista Eletr\u00f4nica de Ci\u00eancia Pol\u00edtica &#8211; recp, v. \u00c2\u00a86, p. 167, 2015.<\/p>\n<p>GOMES, Wilson. Transforma\u00e7\u00f5es da pol\u00edtica na era da comunica\u00e7\u00e3o de massa. S\u00e3o Paulo: Paulus, 2004.<\/p>\n<p>HALLIDAY, Tereza L\u00facia. (org). Atos ret\u00f3ricos \u2013 mensagens estrat\u00e9gicas de pol\u00edticos e igrejas. S\u00e3o Paulo: Summus, 1988.<\/p>\n<p>LAVAREDA, Antonio. Emo\u00e7\u00f5es Ocultas e Estrat\u00e9gias Eleitorais. Rio de Janeiro: Editora Objetiva, 2009.<\/p>\n<p>LAWSON, K. e MERKL, P. When Parties Fail: Emerging Alternative Organizations. Princeton: Princeton University Press, 1988.<\/p>\n<p>MAHONEY, J. &amp; GOERTZ, G. <strong>A Tale of Two Cultures: Contrasting Quantitative and Qualitative Research<\/strong>. Political Analysis Review, n. 14, p. 227 a 249, 2006.<\/p>\n<p>MAINWARING, S.\u201cBrazil: Weak Parties, Feckless Democracy\u201d, In: MAINWARING, S. e SCULLY, T. R. (eds.), <strong>Building Democratic Institutions: Party Systems in Latin America<\/strong>. Stanford: Stanford University Press, 1995.<\/p>\n<p>MANIN, Bernard. As metamorfoses do governo representativo. <strong>Revista Brasileira de Ci\u00eancias Sociais<\/strong>, n.29, ano 10, out. 1995.<\/p>\n<p>MIGUEL, L. Mito <strong>e discurso pol\u00edtico: uma an\u00e1lise a partir da campanha eleitoral brasileira de 1994<\/strong>. Campinas: Unicamp, 2000.<\/p>\n<p>NEGRINE, R. M. e LILLEKER, D. G. \u201c<strong>The Professionalization of Political Communication: Continuities and Change in Media Practices<\/strong>\u201d. European Journal of Political Communication, v. 17, p.305-323, n. 3, 2002.<\/p>\n<p>MITOSFKY Consulta (2011), <em>Opini\u00f3n sobre Partidos Pol\u00edticos<\/em>, disponible en: file:\/\/\/Users\/usuario\/Documents\/Consulta%20Mitofsky.pdf<\/p>\n<p>OLIVEIRA, Luiz Ademir de. <em>A disputa pol\u00edtica na televis\u00e3o. Uma an\u00e1lise das estrat\u00e9gias discursivas dos candidatos Fernando <\/em><em>Henrique Cardoso e Luiz In\u00e1cio Lula da Silva no Hor\u00e1rio Gratuito de Propaganda Eleitoral.<\/em> Rio de Janeiro: IUPERJ, 1999. (Disserta\u00e7\u00e3o de mestrado em Ci\u00eancia Pol\u00edtica).<\/p>\n<p>OLIVEIRA, Luiz Ademir de. As estrat\u00e9gias ret\u00f3ricas na constru\u00e7\u00e3o dos mundos de natureza ficcional da pol\u00edtica. Um estudo de caso sobre a disputa eleitoral \u00e0 Prefeitura de Belo Horizonte em 2000. In: Revista Comunica\u00e7\u00e3o &amp; Tecnologia, v.01, p.75-111, 2007<\/p>\n<p>OLIVEIRA, Luis Ademir. <strong>As estrat\u00e9gias ret\u00f3ricas na constru\u00e7\u00e3o dos mundos de natureza ficcional da pol\u00edtica: um estudo comparativo das campanhas de Belo Horizonte e Salvador na elei\u00e7\u00e3o municipal de 2000<\/strong>. Tese de doutorado, Rio de Janeiro, IUPERJ, 2005.<\/p>\n<p>ORWELL, George. <em>1984 (Nineteen-Eighty-Four, 1949) <\/em>Tradu\u00e7\u00e3o Wilson Velloso. 17a.ed.S\u00e3o Paulo: Nacional, 1984.<\/p>\n<p>OSAKABE, Haquira. <em>Argumenta\u00e7\u00e3o e discurso pol\u00edtico. <\/em>S\u00e3o Paulo: Kair\u00f3s, 1979.<\/p>\n<p>PANKE, Luciana. <strong>Lula do sindicalismo \u00e0 reelei\u00e7\u00e3o: um caso de comunica\u00e7\u00e3o, pol\u00edtica e discurso. <\/strong>Guarapuava: Unicentro; S\u00e3o Paulo: Horizonte, 2010.<\/p>\n<p>PANKE, Luciana. <strong>Pol\u00edtica e entretenimento: cruzamento e\/ou interfer\u00eancia na constru\u00e7\u00e3o de sentidos<\/strong>. Revista Animus, vol.09, n.18, 2010. Dispon\u00edvel em <a href=\"http:\/\/cascavel.ufsm.br\/revistas\/ojs-2.2.2\/index.php\/animus\/article\/view\/2437\/1469\">http:\/\/cascavel.ufsm.br\/revistas\/ojs-2.2.2\/index.php\/animus\/article\/view\/2437\/1469<\/a><\/p>\n<p>PANKE, Luciana. (2013) <em>Pol\u00edtica e mobiliza\u00e7\u00e3o em tempos de comunica\u00e7\u00e3o horizontalizada.<\/em> In Panke, Luciana; Gondo Macedo, Roberto; Rocha, Daniela (Orgs). A mobiliza\u00e7\u00e3o no contexto pol\u00edtico e eleitoral.\u00a0 Capivari, SP: Nova consci\u00eancia.<\/p>\n<p>PANKE, Luciana. ; Campa\u00f1as electorales para mujeres &#8211; retos y tendencias. 1. ed. Ciudad de Mexico: Editorial Piso 15, 2015. v. 1. 170p<\/p>\n<p>&nbsp;<\/p>\n<p>PANKE, Luciana. ; Tesseroli, Ricardo ; CASTRO, F. . Personalismo em Primeiro Lugar ? Estudo Sobre o HGPE Durante 2\u00ba Turno em Curitiba. Anu\u00e1rio Unesco\/Metodista de Comunica\u00e7\u00e3o Regional, v. 17, p. 63-76, 2015.<\/p>\n<p>PANKE, Luciana. ; ESTRAT\u00c9GIAS DAS CANDIDATURAS PRESIDENCIAIS BRASILEIRAS EM 2010. Revista Uninter de Comunica\u00e7\u00e3o, v. 3, p. 6-28, 2015.<\/p>\n<p>PANKE, Luciana y ESQUIVEL, Edgar (2013), \u201cComunicaci\u00f3n electoral e Internet. Cuestiones sobre la participaci\u00f3n ciudadana\u201d, en Geminis, Universidad Federal de Sao Carlos, Brasil, A\u00f1o 4, No. 2, Vol. 2, pp.65-74.<\/p>\n<p>PANKE, Luciana. ; IASULAITIS, Sylvia ; NEBOT, Carmen Pineda . G\u00e9nero y Campa\u00f1as Electorales en Am\u00e9rica Latina: un an\u00e1lisis del discurso femenino en la propaganda televisiva. Raz\u00f3n y Palabra, v. 1, p. 01, 2015.<\/p>\n<p>PERELMAN, Chaim. <em>Tratado da argumenta\u00e7\u00e3o \u2013 nova ret\u00f3rica.<\/em> S\u00e3o Paulo: Martins Fontes, 1996.<\/p>\n<p><em>\u00a0<\/em>PERELMAN, Chaim. <em>Ret\u00f3ricas. <\/em>S\u00e3o Paulo: Martins Fontes, 1997.<\/p>\n<p style=\"text-align: justify;\"><span style=\"color: #000000;\"><a style=\"color: #000000;\" href=\"https:\/\/repositorio.ufba.br\/ri\/bitstream\/ufba\/134\/1\/Comunicacao%20e%20politica.pdf\">RUBIM, Antonio Albino Canelas (organizador). <strong>Comunica\u00e7\u00e3o e pol\u00edtica<\/strong>: <em>conceitos e abordagens<\/em>. Salvador: Edufba, 2004.<\/a><\/span><\/p>\n<p style=\"text-align: justify;\"><span style=\"color: #000000;\">VEIGA, L.; MAGALH\u00c3ES, R. <strong>Manipula\u00e7\u00f5es Cognitivas da Pol\u00edtica:<\/strong> <em>O Eleitor Comum diante da Campanha Presidencial de 1998<\/em>, in R. FIGUEIREDO (org.), Marketing Pol\u00edtico e Persuas\u00e3o Eleitoral, S\u00e3o Paulo, Funda\u00e7\u00e3o Konrad Adenauer, 2000.\u00a0<\/span><\/p>\n<p style=\"text-align: justify;\"><span style=\"color: #000000;\"><a style=\"color: #000000;\" href=\"http:\/\/version.xoc.uam.mx\/tabla_contenido.php?id_fasciculo=621#\">&#8211; Versi\u00f3n, <strong>Estudios de Comunicaci\u00f3n y Pol\u00edtica<\/strong>, a\u00f1o 23, n\u00famero 35, marzo-abril de 2015, publicaci\u00f3n semestral, editada por la Universidad Aut\u00f3noma Metropolitana<\/a><\/span><\/p>\n<p>&nbsp;<\/p>\n","protected":false},"excerpt":{"rendered":"<p>ABRADEP &#8211;\u00a0A Abradep \u00e9 formada por diversos profissionais das mais variadas forma\u00e7\u00f5es (advogados, professores, ju\u00edzes eleitorais, membros do minist\u00e9rio p\u00fablico, profissionais da comunica\u00e7\u00e3o social, cientistas pol\u00edticos, entre outros) e tem como prop\u00f3sito fomentar um debate equilibrado, transparente, objetivo e qualificado sobre a reforma pol\u00edtica, promovendo a difus\u00e3o de temas referentes ao direito eleitoral e a [&hellip;]<\/p>\n","protected":false},"author":1,"featured_media":0,"parent":0,"menu_order":0,"comment_status":"closed","ping_status":"closed","template":"","meta":{"_monsterinsights_skip_tracking":false,"_monsterinsights_sitenote_active":false,"_monsterinsights_sitenote_note":"","_monsterinsights_sitenote_category":0,"footnotes":""},"yoast_head":"<!-- This site is optimized with the Yoast SEO plugin v22.2 - https:\/\/yoast.com\/wordpress\/plugins\/seo\/ -->\n<title>Refer\u00eancias - Comunica\u00e7\u00e3o Eleitoral<\/title>\n<meta name=\"description\" content=\"Refer\u00eancias Bibliogr\u00e1ficas de livros de estudos de Comunica\u00e7\u00e3o Eleitoral com distribui\u00e7\u00e3o gratuita.\" \/>\n<meta name=\"robots\" content=\"index, follow, max-snippet:-1, max-image-preview:large, max-video-preview:-1\" \/>\n<link rel=\"canonical\" href=\"https:\/\/comunicacaoeleitoral.ufpr.br\/index.php\/referencias\/\" \/>\n<meta property=\"og:locale\" content=\"pt_BR\" \/>\n<meta property=\"og:type\" content=\"article\" \/>\n<meta property=\"og:title\" content=\"Refer\u00eancias - Comunica\u00e7\u00e3o Eleitoral\" \/>\n<meta property=\"og:description\" content=\"Refer\u00eancias Bibliogr\u00e1ficas de livros de estudos de Comunica\u00e7\u00e3o Eleitoral com distribui\u00e7\u00e3o gratuita.\" \/>\n<meta property=\"og:url\" content=\"https:\/\/comunicacaoeleitoral.ufpr.br\/index.php\/referencias\/\" \/>\n<meta property=\"og:site_name\" content=\"Comunica\u00e7\u00e3o Eleitoral\" \/>\n<meta property=\"article:publisher\" content=\"https:\/\/www.facebook.com\/Comunica%c3%a7%c3%a3o-Eleitoral-564214587069724\/\" \/>\n<meta property=\"article:modified_time\" content=\"2016-04-21T22:01:30+00:00\" \/>\n<meta name=\"twitter:card\" content=\"summary_large_image\" \/>\n<meta name=\"twitter:label1\" content=\"Est. tempo de leitura\" \/>\n\t<meta name=\"twitter:data1\" content=\"9 minutos\" \/>\n<script type=\"application\/ld+json\" class=\"yoast-schema-graph\">{\"@context\":\"https:\/\/schema.org\",\"@graph\":[{\"@type\":\"WebPage\",\"@id\":\"https:\/\/comunicacaoeleitoral.ufpr.br\/index.php\/referencias\/\",\"url\":\"https:\/\/comunicacaoeleitoral.ufpr.br\/index.php\/referencias\/\",\"name\":\"Refer\u00eancias - Comunica\u00e7\u00e3o Eleitoral\",\"isPartOf\":{\"@id\":\"https:\/\/comunicacaoeleitoral.ufpr.br\/#website\"},\"datePublished\":\"2015-05-31T21:07:34+00:00\",\"dateModified\":\"2016-04-21T22:01:30+00:00\",\"description\":\"Refer\u00eancias Bibliogr\u00e1ficas de livros de estudos de Comunica\u00e7\u00e3o Eleitoral com distribui\u00e7\u00e3o gratuita.\",\"breadcrumb\":{\"@id\":\"https:\/\/comunicacaoeleitoral.ufpr.br\/index.php\/referencias\/#breadcrumb\"},\"inLanguage\":\"pt-BR\",\"potentialAction\":[{\"@type\":\"ReadAction\",\"target\":[\"https:\/\/comunicacaoeleitoral.ufpr.br\/index.php\/referencias\/\"]}]},{\"@type\":\"BreadcrumbList\",\"@id\":\"https:\/\/comunicacaoeleitoral.ufpr.br\/index.php\/referencias\/#breadcrumb\",\"itemListElement\":[{\"@type\":\"ListItem\",\"position\":1,\"name\":\"In\u00edcio\",\"item\":\"https:\/\/comunicacaoeleitoral.ufpr.br\/\"},{\"@type\":\"ListItem\",\"position\":2,\"name\":\"Refer\u00eancias\"}]},{\"@type\":\"WebSite\",\"@id\":\"https:\/\/comunicacaoeleitoral.ufpr.br\/#website\",\"url\":\"https:\/\/comunicacaoeleitoral.ufpr.br\/\",\"name\":\"Comunica\u00e7\u00e3o Eleitoral\",\"description\":\"Grupo de pesquisa ligado \u00e0 linha de Comunica\u00e7\u00e3o e Pol\u00edtica do Programa de P\u00f3s-gradua\u00e7\u00e3o em Comunica\u00e7\u00e3o da Universidade Federal do Paran\u00e1.\",\"publisher\":{\"@id\":\"https:\/\/comunicacaoeleitoral.ufpr.br\/#organization\"},\"potentialAction\":[{\"@type\":\"SearchAction\",\"target\":{\"@type\":\"EntryPoint\",\"urlTemplate\":\"https:\/\/comunicacaoeleitoral.ufpr.br\/?s={search_term_string}\"},\"query-input\":\"required name=search_term_string\"}],\"inLanguage\":\"pt-BR\"},{\"@type\":\"Organization\",\"@id\":\"https:\/\/comunicacaoeleitoral.ufpr.br\/#organization\",\"name\":\"Comunica\u00e7\u00e3o Eleitoral\",\"url\":\"https:\/\/comunicacaoeleitoral.ufpr.br\/\",\"logo\":{\"@type\":\"ImageObject\",\"inLanguage\":\"pt-BR\",\"@id\":\"https:\/\/comunicacaoeleitoral.ufpr.br\/#\/schema\/logo\/image\/\",\"url\":\"https:\/\/comunicacaoeleitoral.ufpr.br\/wp-content\/uploads\/2015\/05\/header2c_celtalks.png\",\"contentUrl\":\"https:\/\/comunicacaoeleitoral.ufpr.br\/wp-content\/uploads\/2015\/05\/header2c_celtalks.png\",\"width\":1800,\"height\":674,\"caption\":\"Comunica\u00e7\u00e3o Eleitoral\"},\"image\":{\"@id\":\"https:\/\/comunicacaoeleitoral.ufpr.br\/#\/schema\/logo\/image\/\"},\"sameAs\":[\"https:\/\/www.facebook.com\/Comunica\u00e7\u00e3o-Eleitoral-564214587069724\/\",\"https:\/\/www.instagram.com\/comunicacaoeleitoral\/\",\"https:\/\/www.youtube.com\/ocanalpanke\"]}]}<\/script>\n<!-- \/ Yoast SEO plugin. -->","yoast_head_json":{"title":"Refer\u00eancias - Comunica\u00e7\u00e3o Eleitoral","description":"Refer\u00eancias Bibliogr\u00e1ficas de livros de estudos de Comunica\u00e7\u00e3o Eleitoral com distribui\u00e7\u00e3o gratuita.","robots":{"index":"index","follow":"follow","max-snippet":"max-snippet:-1","max-image-preview":"max-image-preview:large","max-video-preview":"max-video-preview:-1"},"canonical":"https:\/\/comunicacaoeleitoral.ufpr.br\/index.php\/referencias\/","og_locale":"pt_BR","og_type":"article","og_title":"Refer\u00eancias - Comunica\u00e7\u00e3o Eleitoral","og_description":"Refer\u00eancias Bibliogr\u00e1ficas de livros de estudos de Comunica\u00e7\u00e3o Eleitoral com distribui\u00e7\u00e3o gratuita.","og_url":"https:\/\/comunicacaoeleitoral.ufpr.br\/index.php\/referencias\/","og_site_name":"Comunica\u00e7\u00e3o Eleitoral","article_publisher":"https:\/\/www.facebook.com\/Comunica%c3%a7%c3%a3o-Eleitoral-564214587069724\/","article_modified_time":"2016-04-21T22:01:30+00:00","twitter_card":"summary_large_image","twitter_misc":{"Est. tempo de leitura":"9 minutos"},"schema":{"@context":"https:\/\/schema.org","@graph":[{"@type":"WebPage","@id":"https:\/\/comunicacaoeleitoral.ufpr.br\/index.php\/referencias\/","url":"https:\/\/comunicacaoeleitoral.ufpr.br\/index.php\/referencias\/","name":"Refer\u00eancias - Comunica\u00e7\u00e3o Eleitoral","isPartOf":{"@id":"https:\/\/comunicacaoeleitoral.ufpr.br\/#website"},"datePublished":"2015-05-31T21:07:34+00:00","dateModified":"2016-04-21T22:01:30+00:00","description":"Refer\u00eancias Bibliogr\u00e1ficas de livros de estudos de Comunica\u00e7\u00e3o Eleitoral com distribui\u00e7\u00e3o gratuita.","breadcrumb":{"@id":"https:\/\/comunicacaoeleitoral.ufpr.br\/index.php\/referencias\/#breadcrumb"},"inLanguage":"pt-BR","potentialAction":[{"@type":"ReadAction","target":["https:\/\/comunicacaoeleitoral.ufpr.br\/index.php\/referencias\/"]}]},{"@type":"BreadcrumbList","@id":"https:\/\/comunicacaoeleitoral.ufpr.br\/index.php\/referencias\/#breadcrumb","itemListElement":[{"@type":"ListItem","position":1,"name":"In\u00edcio","item":"https:\/\/comunicacaoeleitoral.ufpr.br\/"},{"@type":"ListItem","position":2,"name":"Refer\u00eancias"}]},{"@type":"WebSite","@id":"https:\/\/comunicacaoeleitoral.ufpr.br\/#website","url":"https:\/\/comunicacaoeleitoral.ufpr.br\/","name":"Comunica\u00e7\u00e3o Eleitoral","description":"Grupo de pesquisa ligado \u00e0 linha de Comunica\u00e7\u00e3o e Pol\u00edtica do Programa de P\u00f3s-gradua\u00e7\u00e3o em Comunica\u00e7\u00e3o da Universidade Federal do Paran\u00e1.","publisher":{"@id":"https:\/\/comunicacaoeleitoral.ufpr.br\/#organization"},"potentialAction":[{"@type":"SearchAction","target":{"@type":"EntryPoint","urlTemplate":"https:\/\/comunicacaoeleitoral.ufpr.br\/?s={search_term_string}"},"query-input":"required name=search_term_string"}],"inLanguage":"pt-BR"},{"@type":"Organization","@id":"https:\/\/comunicacaoeleitoral.ufpr.br\/#organization","name":"Comunica\u00e7\u00e3o Eleitoral","url":"https:\/\/comunicacaoeleitoral.ufpr.br\/","logo":{"@type":"ImageObject","inLanguage":"pt-BR","@id":"https:\/\/comunicacaoeleitoral.ufpr.br\/#\/schema\/logo\/image\/","url":"https:\/\/comunicacaoeleitoral.ufpr.br\/wp-content\/uploads\/2015\/05\/header2c_celtalks.png","contentUrl":"https:\/\/comunicacaoeleitoral.ufpr.br\/wp-content\/uploads\/2015\/05\/header2c_celtalks.png","width":1800,"height":674,"caption":"Comunica\u00e7\u00e3o Eleitoral"},"image":{"@id":"https:\/\/comunicacaoeleitoral.ufpr.br\/#\/schema\/logo\/image\/"},"sameAs":["https:\/\/www.facebook.com\/Comunica\u00e7\u00e3o-Eleitoral-564214587069724\/","https:\/\/www.instagram.com\/comunicacaoeleitoral\/","https:\/\/www.youtube.com\/ocanalpanke"]}]}},"_links":{"self":[{"href":"https:\/\/comunicacaoeleitoral.ufpr.br\/index.php\/wp-json\/wp\/v2\/pages\/19"}],"collection":[{"href":"https:\/\/comunicacaoeleitoral.ufpr.br\/index.php\/wp-json\/wp\/v2\/pages"}],"about":[{"href":"https:\/\/comunicacaoeleitoral.ufpr.br\/index.php\/wp-json\/wp\/v2\/types\/page"}],"author":[{"embeddable":true,"href":"https:\/\/comunicacaoeleitoral.ufpr.br\/index.php\/wp-json\/wp\/v2\/users\/1"}],"replies":[{"embeddable":true,"href":"https:\/\/comunicacaoeleitoral.ufpr.br\/index.php\/wp-json\/wp\/v2\/comments?post=19"}],"version-history":[{"count":14,"href":"https:\/\/comunicacaoeleitoral.ufpr.br\/index.php\/wp-json\/wp\/v2\/pages\/19\/revisions"}],"predecessor-version":[{"id":782,"href":"https:\/\/comunicacaoeleitoral.ufpr.br\/index.php\/wp-json\/wp\/v2\/pages\/19\/revisions\/782"}],"wp:attachment":[{"href":"https:\/\/comunicacaoeleitoral.ufpr.br\/index.php\/wp-json\/wp\/v2\/media?parent=19"}],"curies":[{"name":"wp","href":"https:\/\/api.w.org\/{rel}","templated":true}]}}